{"id":131,"date":"2022-06-27T23:12:04","date_gmt":"2022-06-27T23:12:04","guid":{"rendered":"https:\/\/www.ruralpergamino.org.ar\/site\/?page_id=131"},"modified":"2022-07-25T15:02:10","modified_gmt":"2022-07-25T18:02:10","slug":"identidad","status":"publish","type":"page","link":"https:\/\/www.ruralpergamino.org.ar\/site\/identidad\/","title":{"rendered":"Identidad"},"content":{"rendered":"<div class=\"wpb-content-wrapper\"><p>[vc_row][vc_column][vc_empty_space][vc_text_separator title=\u00bbVisi\u00f3n\u00bb color=\u00bbgreen\u00bb][vc_column_text]Ser la instituci\u00f3n que represente en forma genuina y comprometida los intereses del sector agropecuario en Pergamino y su regi\u00f3n, para promover el desarrollo integral del productor y su medio.[\/vc_column_text][vc_text_separator title=\u00bbMisi\u00f3n\u00bb color=\u00bbgreen\u00bb][vc_column_text]Impulsar el sector agropecuario a trav\u00e9s del desarrollo sostenible.[\/vc_column_text][vc_text_separator title=\u00bbValores\u00bb color=\u00bbgreen\u00bb][vc_column_text]<span style=\"color: #0a7533;\"><strong>Representatividad<\/strong><\/span><br \/>\nS\u00f3lo garantizaremos nuestro futuro, si mejoramos el de nuestros pares. Por lo tanto, focalizarnos en el futuro de nuestros productores y su medio, es nuestra raz\u00f3n de ser. Al satisfacer sus necesidades, crecemos, y esa es la base de todo lo que hacemos.[\/vc_column_text][vc_column_text]<span style=\"color: #0a7533;\"><strong>\u00c9tica y la responsabilidad<\/strong><\/span><br \/>\nLa \u00e9tica y la responsabilidad son comportamientos que nos preocupan. Buscamos dar el ejemplo e incentivamos y motivamos a otros que nos sigan. Si hacemos las cosas bien, la gente confiar\u00e1 en nosotros y podremos trabajar en forma conjunta a largo plazo.[\/vc_column_text][vc_column_text]<span style=\"color: #0a7533;\"><strong>Integridad<\/strong><\/span><br \/>\nLa realidad se demuestra en los hechos, por eso mantenemos la responsabilidad y la integraci\u00f3n para con todo nuestro entorno, buscando ser responsables no s\u00f3lo con nuestros socios, sino tambi\u00e9n, con la comunidad, los trabajadores y el desarrollo sustentable del medio ambiente. Eso garantiza que seamos una voz autorizada y comprometida, que d\u00eda a d\u00eda somete a prueba de sus pares su accionar, en instancias democr\u00e1ticas de debate interno.[\/vc_column_text][vc_column_text]<span style=\"color: #0a7533;\"><strong>Compromiso<\/strong><\/span><br \/>\nNuestro objetivo es dar lo mejor. Para ello trabajamos proactivamente en el d\u00eda a d\u00eda, buscando el desarrollo de los productores y el sector.[\/vc_column_text][vc_column_text]<strong><span style=\"color: #0a7533;\">Calidad<\/span><br \/>\n<\/strong>La calidad es parte de nuestra operaci\u00f3n, est\u00e1 integrada en nuestra forma de ser y hacer las cosas, por lo tanto es irrenunciable.<strong><br \/>\n<\/strong>[\/vc_column_text][vc_column_text]<span style=\"color: #0a7533;\"><strong>Liderazgo, Gesti\u00f3n y Flexibilidad<\/strong><\/span><br \/>\nLa calidad es parte de nuestra operaci\u00f3n, est\u00e1 integrada en nuestra forma de ser y hacer las cosas, por lo tanto es irrenunciable.[\/vc_column_text][\/vc_column][\/vc_row]<\/p>\n<\/div>","protected":false},"excerpt":{"rendered":"<p>[vc_row][vc_column][vc_empty_space][vc_text_separator title=\u00bbVisi\u00f3n\u00bb color=\u00bbgreen\u00bb][vc_column_text]Ser la instituci\u00f3n que represente en forma genuina y comprometida los intereses del sector agropecuario en Pergamino y su regi\u00f3n, para promover el desarrollo integral del productor y su medio.[\/vc_column_text][vc_text_separator title=\u00bbMisi\u00f3n\u00bb color=\u00bbgreen\u00bb][vc_column_text]Impulsar el sector agropecuario a trav\u00e9s del desarrollo sostenible.[\/vc_column_text][vc_text_separator title=\u00bbValores\u00bb color=\u00bbgreen\u00bb][vc_column_text]Representatividad S\u00f3lo garantizaremos nuestro futuro, si mejoramos el de nuestros pares. Por&hellip;<\/p>\n","protected":false},"author":2,"featured_media":0,"parent":0,"menu_order":0,"comment_status":"closed","ping_status":"closed","template":"","meta":{"footnotes":""},"class_list":["post-131","page","type-page","status-publish","hentry","description-off"],"_links":{"self":[{"href":"https:\/\/www.ruralpergamino.org.ar\/site\/wp-json\/wp\/v2\/pages\/131","targetHints":{"allow":["GET"]}}],"collection":[{"href":"https:\/\/www.ruralpergamino.org.ar\/site\/wp-json\/wp\/v2\/pages"}],"about":[{"href":"https:\/\/www.ruralpergamino.org.ar\/site\/wp-json\/wp\/v2\/types\/page"}],"author":[{"embeddable":true,"href":"https:\/\/www.ruralpergamino.org.ar\/site\/wp-json\/wp\/v2\/users\/2"}],"replies":[{"embeddable":true,"href":"https:\/\/www.ruralpergamino.org.ar\/site\/wp-json\/wp\/v2\/comments?post=131"}],"version-history":[{"count":11,"href":"https:\/\/www.ruralpergamino.org.ar\/site\/wp-json\/wp\/v2\/pages\/131\/revisions"}],"predecessor-version":[{"id":973,"href":"https:\/\/www.ruralpergamino.org.ar\/site\/wp-json\/wp\/v2\/pages\/131\/revisions\/973"}],"wp:attachment":[{"href":"https:\/\/www.ruralpergamino.org.ar\/site\/wp-json\/wp\/v2\/media?parent=131"}],"curies":[{"name":"wp","href":"https:\/\/api.w.org\/{rel}","templated":true}]}}

<div class="wpb-content-wrapper"><p>[vc_row][vc_column][vc_empty_space][vc_text_separator title=»Visión» color=»green»][vc_column_text]Ser la institución que represente en forma genuina y comprometida los intereses del sector agropecuario en Pergamino y su región, para promover el desarrollo integral del productor y su medio.[/vc_column_text][vc_text_separator title=»Misión» color=»green»][vc_column_text]Impulsar el sector agropecuario a través del desarrollo sostenible.[/vc_column_text][vc_text_separator title=»Valores» color=»green»][vc_column_text]<span style="color: #0a7533;"><strong>Representatividad</strong></span><br />
Sólo garantizaremos nuestro futuro, si mejoramos el de nuestros pares. Por lo tanto, focalizarnos en el futuro de nuestros productores y su medio, es nuestra razón de ser. Al satisfacer sus necesidades, crecemos, y esa es la base de todo lo que hacemos.[/vc_column_text][vc_column_text]<span style="color: #0a7533;"><strong>Ética y la responsabilidad</strong></span><br />
La ética y la responsabilidad son comportamientos que nos preocupan. Buscamos dar el ejemplo e incentivamos y motivamos a otros que nos sigan. Si hacemos las cosas bien, la gente confiará en nosotros y podremos trabajar en forma conjunta a largo plazo.[/vc_column_text][vc_column_text]<span style="color: #0a7533;"><strong>Integridad</strong></span><br />
La realidad se demuestra en los hechos, por eso mantenemos la responsabilidad y la integración para con todo nuestro entorno, buscando ser responsables no sólo con nuestros socios, sino también, con la comunidad, los trabajadores y el desarrollo sustentable del medio ambiente. Eso garantiza que seamos una voz autorizada y comprometida, que día a día somete a prueba de sus pares su accionar, en instancias democráticas de debate interno.[/vc_column_text][vc_column_text]<span style="color: #0a7533;"><strong>Compromiso</strong></span><br />
Nuestro objetivo es dar lo mejor. Para ello trabajamos proactivamente en el día a día, buscando el desarrollo de los productores y el sector.[/vc_column_text][vc_column_text]<strong><span style="color: #0a7533;">Calidad</span><br />
</strong>La calidad es parte de nuestra operación, está integrada en nuestra forma de ser y hacer las cosas, por lo tanto es irrenunciable.<strong><br />
</strong>[/vc_column_text][vc_column_text]<span style="color: #0a7533;"><strong>Liderazgo, Gestión y Flexibilidad</strong></span><br />
La calidad es parte de nuestra operación, está integrada en nuestra forma de ser y hacer las cosas, por lo tanto es irrenunciable.[/vc_column_text][/vc_column][/vc_row]</p>
</div>

<p>[vc_row][vc_column][vc_empty_space][vc_text_separator title=»Visión» color=»green»][vc_column_text]Ser la institución que represente en forma genuina y comprometida los intereses del sector agropecuario en Pergamino y su región, para promover el desarrollo integral del productor y su medio.[/vc_column_text][vc_text_separator title=»Misión» color=»green»][vc_column_text]Impulsar el sector agropecuario a través del desarrollo sostenible.[/vc_column_text][vc_text_separator title=»Valores» color=»green»][vc_column_text]Representatividad Sólo garantizaremos nuestro futuro, si mejoramos el de nuestros pares. Por&hellip;</p>
