{"id":15,"date":"2022-06-27T18:13:08","date_gmt":"2022-06-27T18:13:08","guid":{"rendered":"https:\/\/www.ruralpergamino.org.ar\/site\/?page_id=15"},"modified":"2022-07-23T12:32:57","modified_gmt":"2022-07-23T15:32:57","slug":"accion-gremial","status":"publish","type":"page","link":"https:\/\/www.ruralpergamino.org.ar\/site\/accion-gremial\/","title":{"rendered":"Acci\u00f3n Gremial"},"content":{"rendered":"<div class=\"wpb-content-wrapper\"><p>[vc_row][vc_column][vc_empty_space][vc_column_text]<a class=\"dt-single-image mfp-ready\" href=\"https:\/\/www.ruralpergamino.org.ar\/site\/sitio\/wp-content\/uploads\/2012\/05\/Cra-Carbap.jpg\" data-dt-img-description=\"\"><img loading=\"lazy\" decoding=\"async\" class=\"alignleft wp-image-22539\" src=\"https:\/\/www.ruralpergamino.org.ar\/site\/sitio\/wp-content\/uploads\/2012\/05\/Cra-Carbap-174x300.jpg\" sizes=\"auto, (max-width: 160px) 100vw, 160px\" srcset=\"https:\/\/www.ruralpergamino.org.ar\/site\/sitio\/wp-content\/uploads\/2012\/05\/Cra-Carbap-174x300.jpg 174w, https:\/\/www.ruralpergamino.org.ar\/site\/sitio\/wp-content\/uploads\/2012\/05\/Cra-Carbap.jpg 200w\" alt=\"Cra Carbap\" width=\"160\" height=\"275\" \/><\/a>La<span style=\"color: #0a7533;\">\u00a0<strong>Sociedad Rural de Pergamino<\/strong><\/span>\u00a0es una entidad de primer grado dentro del gremialismo confederado que agrupan a productores agropecuarios individuales en la Argentina. Su objetivo es propender e impulsar el desarrollo de la ganader\u00eda, la agricultura y las industrias afines en la regi\u00f3n, adem\u00e1s de generar desde las bases las inquietudes e ideas surgidas en el inter\u00e9s de los productores.<\/p>\n<p>Su entidad de segundo grado es la<span style=\"color: #0a7533;\">\u00a0<strong>Confederaci\u00f3n de Asociaciones Rurales de Buenos Aires y La Pampa \u2013 CARBAP-<\/strong>,<\/span> que agrupa 114 entidades hermanas ubicadas en el territorio de las mencionadas provincias; y que junto con sus similares del resto del pa\u00eds, conforman las\u00a0<span style=\"color: #0a7533;\"><strong>Confederaciones Rurales Argentinas, -CRA-<\/strong><\/span>\u00a0 cuyo alcance por parte de sus miembros a estamentos de nivel nacional, permite hacer llegar las necesidades surgidas desde las bases.<\/p>\n<p>Por este motivo, buscamos mantener un contacto directo y permanente con los productores, a fin de conocer sus inquietudes y preocupaciones, porque las decisiones dentro del movimiento rural confederado, siempre se toman sobre la base de las necesidades y requerimiento de los mismos.[\/vc_column_text][\/vc_column][\/vc_row]<\/p>\n<\/div>","protected":false},"excerpt":{"rendered":"<p>[vc_row][vc_column][vc_empty_space][vc_column_text]La\u00a0Sociedad Rural de Pergamino\u00a0es una entidad de primer grado dentro del gremialismo confederado que agrupan a productores agropecuarios individuales en la Argentina. Su objetivo es propender e impulsar el desarrollo de la ganader\u00eda, la agricultura y las industrias afines en la regi\u00f3n, adem\u00e1s de generar desde las bases las inquietudes e ideas surgidas en el&hellip;<\/p>\n","protected":false},"author":2,"featured_media":0,"parent":0,"menu_order":0,"comment_status":"closed","ping_status":"closed","template":"","meta":{"footnotes":""},"class_list":["post-15","page","type-page","status-publish","hentry","description-off"],"_links":{"self":[{"href":"https:\/\/www.ruralpergamino.org.ar\/site\/wp-json\/wp\/v2\/pages\/15","targetHints":{"allow":["GET"]}}],"collection":[{"href":"https:\/\/www.ruralpergamino.org.ar\/site\/wp-json\/wp\/v2\/pages"}],"about":[{"href":"https:\/\/www.ruralpergamino.org.ar\/site\/wp-json\/wp\/v2\/types\/page"}],"author":[{"embeddable":true,"href":"https:\/\/www.ruralpergamino.org.ar\/site\/wp-json\/wp\/v2\/users\/2"}],"replies":[{"embeddable":true,"href":"https:\/\/www.ruralpergamino.org.ar\/site\/wp-json\/wp\/v2\/comments?post=15"}],"version-history":[{"count":18,"href":"https:\/\/www.ruralpergamino.org.ar\/site\/wp-json\/wp\/v2\/pages\/15\/revisions"}],"predecessor-version":[{"id":1046,"href":"https:\/\/www.ruralpergamino.org.ar\/site\/wp-json\/wp\/v2\/pages\/15\/revisions\/1046"}],"wp:attachment":[{"href":"https:\/\/www.ruralpergamino.org.ar\/site\/wp-json\/wp\/v2\/media?parent=15"}],"curies":[{"name":"wp","href":"https:\/\/api.w.org\/{rel}","templated":true}]}}